is the units digit of s?
2
Suppose 15 = 3*k, p + 152 = 5*p - 4*k. What is the units digit of p?
3
Let t = 1 + -1. Suppose -4*r + t*r = 5*o - 32, -3*r = 2*o - 31. Let g = r - 8. What is the units digit of g?
5
Suppose -2*k - k = -84. What is the units digit of (-9)/(-3)*k/6?
4
Let j = 6 + -6. Suppose -q = -3*f + 31 + 36, -4*q + 20 = j. What is the tens digit of f?
2
Let c be 1/4 - (-621)/12. Suppose i = p + 4 - 0, -4 = -2*p - i. Suppose -4*l - c = -4*n, -3*l + 1 = 2*n - p*n. What is the units digit of n?
8
Let k(b) = b**2 - 14*b - 4. Let a be k(14). What is the units digit of 44 + a/(1/1)?
0
Let g(k) = k**3 - k**2 - 6*k + 5. What is the units digit of g(3)?
5
Let x(d) = 2*d + 9. Let m(j) = -6*j - 28. Suppose 34 = -4*b + 3*f, 4*b + 3*f = -0*b - 46. Let g(q) = b*x(q) - 3*m(q). What is the units digit of g(-6)?
6
Suppose -4*u = -2*t - 14, u - 4*t - 13 = -2*u. Suppose 5*h = 0, -2*h - 30 = -2*q + u*h. What is the tens digit of q?
1
Let l(g) = g**2 + g - 2. Let d be l(2). Suppose 6 = d*c - 2. Suppose 0 = -c*j - j + 6. What is the units digit of j?
2
Let o(y) = y + 2. Let g(n) = -1. Let m(r) = g(r) + o(r). Let p be m(3). What is the units digit of -4*((-13)/p - -2)?
5
Let w(u) = 8*u**2 + u - 1. What is the units digit of w(-2)?
9
Let p(h) = 2*h - 1. Let s be p(-1). What is the tens digit of (-6)/(-18) + (-38)/s?
1
Suppose 3*l = 9, -5*b - 5*l + 50 + 15 = 0. Let z = b + -6. What is the units digit of -1 + 4 + z/2?
5
Let k(r) = 10*r**2 - r + 3. What is the tens digit of k(2)?
4
Suppose -4*o - 7*v - 66 = -2*v, -3*o - 34 = -4*v. Let a = o - -31. What is the tens digit of a?
1
Let s(h) = h**2 + h + 47. Let w be s(0). Suppose 2 = -5*o + w. What is the units digit of o?
9
Let t be 8*((-4)/2)/4. What is the tens digit of 44/(t - (-9 - -3))?
2
Suppose 0 = -4*x + 14 - 2. Suppose -x*u = 4*y - 38, 5*u + 5*y = 38 + 17. Suppose -u*p + 36 = -2*p. What is the units digit of p?
9
Suppose 41 = n + 9. What is the tens digit of n?
3
Suppose 458 = 2*r - 2*a, 145 + 59 = r + 4*a. What is the units digit of r?
4
Suppose 59 = 2*b + 3. Let j = 6 - -8. Let n = b - j. What is the units digit of n?
4
Suppose -20*o = -17*o + 3. Let t be (1 - 0)/((-2)/4). What is the units digit of (o - (1 - 8)) + t?
4
Let u = -5 - -8. Suppose u*c + 2*j - 29 = 0, -c + 2 = -2*j - 5. Let k = 20 - c. What is the tens digit of k?
1
Let h = 38 - 1. What is the units digit of h?
7
Let l(t) = t + 17. Let r(i) = i**2 + 12*i + 12. Let o be r(-10). What is the units digit of l(o)?
9
Suppose 5 = 3*u - 4. Suppose -5*t + 3*d - 21 = -8*t, 0 = -2*t - u*d + 9. What is the tens digit of t?
1
Let t be (-2 - -2)*2/(-4). Let g be 74 + t - (1 + 1). What is the units digit of (-1)/5 + g/10?
7
Let n be ((-15)/6)/((-3)/6). Suppose -3*y + 5*w = 2*y - 50, -n*w = 15. What is the units digit of y?
7
What is the tens digit of 1 - 929/(-9) - 12/54?
0
Let t be 57 - (-3)/(3 + -2). Suppose -5*n + 10*n = t. What is the tens digit of n?
1
Let t be (5 - 7)*(-7)/2. Suppose p - 4*b - 8 = 0, p + b - t = -p. What is the units digit of p?
4
Suppose 73 = 3*t + 13. What is the tens digit of t?
2
Let v(g) = g**2 - 7*g + 6. Let u be v(6). Let z = 8 + -2. Let w = u + z. What is the units digit of w?
6
Let x = 24 + -34. Let p = 16 + x. What is the units digit of p?
6
Let g(b) = b**3 - 7*b**2 - 3*b + 12. Let s be g(8). What is the tens digit of 6/4*s/3?
2
What is the units digit of (2 + 87/6)/((-2)/(-4))?
3
Let b(f) = 7*f + 4. Suppose 0 = -t - v - 5, t - 3*t + 5*v = 3. Let y be b(t). Let x = 35 + y. What is the units digit of x?
1
Suppose 22 = 4*n - 26. Let o = -3 + n. What is the units digit of o?
9
Suppose -3*s = 3*j - 494 + 164, -3*j - 205 = -2*s. What is the hundreds digit of s?
1
Let r(p) = -3*p - 3. Let x(k) = k**2 + 2*k - 2. Let g be x(-2). Let b be r(g). What is the units digit of ((-13)/(-3) - 2)*b?
7
Suppose 4*w = 2*b + 12, b + 2*w - w - 6 = 0. Suppose -3*h + 14 = q, h + 14 = 3*q + b. What is the units digit of q?
5
Suppose 2*f + y - 3 = 9, -3*y = -2*f + 12. What is the units digit of f?
6
Let p(f) = -3*f + 9. Let o be 0 + -1 + 0 - -7. Let v be p(o). Let y = v - -27. What is the units digit of y?
8
Suppose 3*c = 3*k, -c - 5 - 7 = -4*k. Suppose c*f + 8 = 0, f + 22 = y - 4*f. Suppose y = 5*j - 8. What is the units digit of j?
4
Let v(t) = 12*t + 3. What is the tens digit of v(2)?
2
Let j = -57 + 84. What is the units digit of j?
7
Suppose 2*f + 207 = 5*f. Suppose f - 12 = 3*y. What is the units digit of y?
9
Let m(p) be the first derivative of p**3/3 + p**2/2 + 3. What is the units digit of m(-2)?
2
Let w be ((-1)/2)/((-2)/8). Suppose -4*t + w = -6. What is the units digit of t?
2
Let b(j) = -j**3 + j**2 + j + 39. What is the units digit of b(0)?
9
Suppose d - 2*r = -14, 0*d = -3*d + r - 22. Let z = d + 13. Suppose -3*n = z - 19. What is the units digit of n?
4
Let j(k) = 3*k + 3. Let i(y) = -9*y - 10. Let l(h) = -2*i(h) - 7*j(h). Let b be l(4). Let z = b - -21. What is the units digit of z?
8
Let z = -92 + 292. What is the units digit of z?
0
Suppose 2*n - 5 = 1. Suppose -n = 4*p - 31. What is the units digit of p?
7
Let n = -3 - 0. Let i(x) = -5*x**2 + 4*x + 3. Let p(v) = 6*v**2 - 5*v - 3. Let j(c) = 7*i(c) + 6*p(c). What is the units digit of j(n)?
8
What is the tens digit of (1 - (-2 + -12)) + (-4)/2?
1
Let h(t) = 3*t**2 + 3*t + 3*t**2 - 3*t**2 - 4*t + 1. What is the tens digit of h(-3)?
3
Let u be 6/(-6) + 2/2. Suppose 3*v + 46 = 2*c, -3*c + u*v - v = -80. What is the tens digit of c?
2
Suppose 5*u - u = -3*a + 171, 3*a + 81 = 2*u. Suppose -4*m = -6*m + u. What is the units digit of m?
1
Let h be (54 + -2)/((-2)/(-4)). Let o = h + -67. What is the tens digit of o?
3
Suppose -139 - 217 = -4*x. What is the tens digit of x?
8
Suppose 3*l + 2*o - 2 + 15 = 0, 5*o = -l. Let x(v) = -v**3 - 5*v**2 - v + 7. What is the units digit of x(l)?
2
Suppose -8 = 4*g + 5*d, -4*d = 2*g - 4*g + 22. Let r = 8 + -8. Suppose g*i + 8 = 4*x, -i = -x - r*x + 2. What is the units digit of x?
2
Suppose u + 6 = 3*u. Suppose -u*m = -0*m - 66. What is the tens digit of m?
2
Suppose 2*m + 2 = -5*n + 21, -4*n + m = -23. Suppose n*y - 8 = 3*f, 3*f = -f + 4*y. What is the units digit of f?
4
Suppose 0 = 5*g - 110 - 85. What is the tens digit of g?
3
Suppose 9 - 24 = -o. Suppose o = -0*j + 3*j. What is the units digit of j?
5
Let d = -26 - -12. Let i = d - -4. What is the tens digit of i*(-3)/3*1?
1
Let y = 109 - 65. What is the units digit of y?
4
Let y = -8 - -14. Suppose y*c - 3*c = 39. What is the units digit of c?
3
Let q = 1 - -1. Suppose -3*a = 4*t - 15, a - 23 = q*t - 8. What is the units digit of a?
9
Suppose 4*y - 73 = 5*v, 5*y - 85 = y + v. Let r = y - 6. What is the tens digit of r?
1
Suppose 355 - 1183 = -6*v. What is the units digit of v?
8
Let k(c) = c**2 - 7*c - 6. Let h(d) = d**2 + d - 4. Let w be h(3). Let b be k(w). Suppose 0*n = n - b. What is the units digit of n?
2
Suppose -2*g + 323 = c, -2*g = 2*g + c - 647. What is the tens digit of g?
6
Let l(n) = 5*n - n**2 + 6*n**2 + 2*n**2 - n**3 - 6. What is the tens digit of l(7)?
2
Let p be (-1)/((-182)/(-60) - 3). Let l = p + 51. Let v = l - 2. What is the units digit of v?
9
Let b = -31 + 49. What is the tens digit of b?
1
Let a = 88 + -55. Let n = a + -12. What is the units digit of n?
1
Suppose 0 = -3*c - 5*a + 739, 7*c - 6*c = -a + 249. What is the hundreds digit of c?
2
Let r(a) = a**3 - 5*a**2 + a. Let n be r(5). Suppose -2*v + y + 12 = -y, -9 = -2*v + 3*y. Let d = n + v. What is the units digit of d?
4
Suppose -2*l = f - 36, l - 3*l = -2*f + 66. Suppose -2*j = -2*p - 0*j + 20, 5*j = -p + f. What is the tens digit of p?
1
Suppose 0 = 4*d - 14 - 2. Let y = 9 - d. What is the units digit of y?
5
Suppose -5*d - 25 = 0, 6*s - 2*d - 175 = 3*s. What is the tens digit of s?
5
What is the hundreds digit of -6*((-3 - (-92)/(-6)) + 1)?
1
Suppose -d + 2*z - 36 = 0, 5*z + 96 = -4*d + z. Let f = 41 + d. What is the units digit of f?
3
Suppose -7 + 25 = 3*w. Let h = 13 + w. What is the tens digit of h?
1
Suppose s = -0*m - m, m = 5*s - 18. Suppose 3 = v - s. What is the units digit of v?
6
Suppose -2*a + 0*a = 12. What is the tens digit of (a/(-10))/((-6)/(-150))?
1
Suppose 7 + 6 = t. Let r = -9 + t. What is the units digit of r/(-10) + (-32)/(-5)?
6
Let d = 3 + -3. Suppose 0 = -5*u, -4*i + d*i + 8 = 4*u. 